{"id":1370,"date":"2016-01-18T11:06:33","date_gmt":"2016-01-18T09:06:33","guid":{"rendered":"http:\/\/protectie-electromagnetica.ro\/?page_id=1370"},"modified":"2019-05-30T12:08:25","modified_gmt":"2019-05-30T09:08:25","slug":"intrebari-frecvente","status":"publish","type":"page","link":"https:\/\/protectie-electromagnetica.ro\/cmo\/tehnologia-cmo\/intrebari-frecvente\/","title":{"rendered":"\u00centreb\u0103ri frecvente"},"content":{"rendered":"<div class=\"wk-scope\">\n<ul class=\"wk-accordion wk-accordion-default wk-text-left \" wk-accordion=\"\">\n\n        <li class=\"wk-open\">\n\n    \n        <a href class=\"wk-accordion-title\">Dispozitivele CMO perturb\u0103 func\u0163ionarea dispozitivelor wireless sau a aparatelor electrice?<span wk-accordion-icon><\/span><\/a>\n\n        <div class=\"wk-accordion-content\">\n\n            \n            \n            \n                        <div class=\"wk-margin\">Nu. CMO este un sistem pasiv, \u00eentruc\u00e2t el folose\u015fte c\u00e2mpul electromagnetic omniprezent \u00een mediul ambiant, pentru a genera propriul semnal protector, numit <strong>semnal de compensare magnetic\u0103<\/strong>. Acest semnal este special conceput pentru a compensa efectele biologice ale undelor electromagnetice artificiale, permi\u0163\u00e2nd celulelor corpului s\u0103 func\u0163ioneze \u00een mod coerent \u015fi natural. Mai multe detalii despre principiul de func\u0163ionare a dispozitivelor CMO pute\u0163i g\u0103si pe pagina: <a href=\"\/cmo\/tehnologia-cmo\/despre-cmo\/\" target=\"_blank\">Despre CMO<\/a>.<\/div>\n            \n            \n            \n            \n        <\/div>\n\n    <\/li>\n        <li >\n\n    \n        <a href class=\"wk-accordion-title\">CMO anuleaz\u0103 radia\u0163iile electromagnetice?<span wk-accordion-icon><\/span><\/a>\n\n        <div class=\"wk-accordion-content\">\n\n            \n            \n            \n                        <div class=\"wk-margin\">Nu. CMO nu anuleaz\u0103 undele electromagnetice artificiale, nici nu le respinge, ci doar le folose\u015fte ca surs\u0103 de energie! <br\/>\n<small>Un alt exemplu recent de dispozitiv care capteaz\u0103 energia c\u00e2mpului electromagnetic omniprezent \u00een mediul ambiant este <a href=\"http:\/\/www.gizmag.com\/electromagnetic-harvester\/26130\/\" target=\"_blank\">Electromagnetic Harvester<\/a>!<\/small><\/div>\n            \n            \n            \n            \n        <\/div>\n\n    <\/li>\n        <li >\n\n    \n        <a href class=\"wk-accordion-title\">Care sunt utiliz\u0103rile specifice ale dispozitivelor de protec\u0163ie CMO?<span wk-accordion-icon><\/span><\/a>\n\n        <div class=\"wk-accordion-content\">\n\n            \n            \n            \n                        <div class=\"wk-margin\">Telefoane mobile; Calculatoare, fixe sau portabile; Televizoare, monitoare de orice tip; Deplasare, c\u0103l\u0103torii, tren, ma\u015fin\u0103; Acas\u0103 \/ birou: WiFi, telefoane f\u0103r\u0103 fir de tip DECT; Antene GSM; Re\u0163ele electrice de joas\u0103 \/ \u00eenalt\u0103 tensiune; Perturb\u0103ri geomagnetice. \nMai multe detalii despre alegerea protec\u0163iilor CMO pute\u0163i g\u0103si <a href=\"\/cmo\/tehnologia-cmo\/cum-aleg-cmo\/\" target=\"_blank\">aici<\/a>.<\/div>\n            \n            \n            \n            \n        <\/div>\n\n    <\/li>\n        <li >\n\n    \n        <a href class=\"wk-accordion-title\">Ce con\u0163in dispozitivele CMO?<span wk-accordion-icon><\/span><\/a>\n\n        <div class=\"wk-accordion-content\">\n\n            \n            \n            \n                        <div class=\"wk-margin\">\u00cen interiorul unui dispozitiv CMO se g\u0103se\u015fte un mic recipient cilindric sau sferic, care con\u0163ine o solu\u0163ie microcristalin\u0103 activ\u0103, structurat\u0103 pe domenii de coeren\u0163\u0103. Compozi\u0163ia chimic\u0103 a acestei solu\u0163ii active este acoperit\u0103 de brevet. <br \/>\nPrincipiul de func\u0163ionare al acestei solu\u0163ii active este aproape de principiul <a href=\"https:\/\/www.youtube.com\/watch?v=ojW6c_Qr6CM\" target=\"_blank\">\"transferului energetic prin rezonanta magnetica\"<\/a> . Unele repere \u00een acest sens pute\u0163i g\u0103si \u00een aceast\u0103 conferin\u0163\u0103: <a href=\"https:\/\/www.youtube.com\/watch?v=CMERRNVHghw\" target=\"_blank\">\"Impactul fizicii cuantice \u00een Medicina Viitorului\"<\/a> (despre CMO, \u00eencep\u00e2nd cu minutul 39).<\/div>\n            \n            \n            \n            \n        <\/div>\n\n    <\/li>\n        <li >\n\n    \n        <a href class=\"wk-accordion-title\">Unde se mai comercializeaza produsele CMO ?<span wk-accordion-icon><\/span><\/a>\n\n        <div class=\"wk-accordion-content\">\n\n            \n            \n            \n                        <div class=\"wk-margin\">Fiind un produs produs in Franta de 25 de ani, principalele magazine sunt in zonele francofone. Exista <a href=\"http:\/\/www.cem-vivant.com\/page-liste-des-magasins-en-france,94.html\">250 de magazine<\/a> si situri din Franta unde se gasesc aceste produse inclusiv pe siturile lor online. \nMai exista <a href=\"http:\/\/www.cem-vivant.com\/page-liste-des-magasins-en-belgique,70.html\">80 de magazine<\/a>http:\/\/www.cem-vivant.com\/page-liste-des-magasins-en-belgique,70.html in Belgia. \nLa nivel mondial, lista furnizorilor este disponibila<a href=\"http:\/\/www.comosystems.ro\/en\/?redir=yes\"> pe situl oficial<\/a>.<\/div>\n            \n            \n            \n            \n        <\/div>\n\n    <\/li>\n        <li >\n\n    \n        <a href class=\"wk-accordion-title\">De ce nu exist\u0103 un singur tip de CMO care s\u0103 includ\u0103 protec\u0163ie fa\u0163\u0103 de toate tipurile de unde electromagnetice?<span wk-accordion-icon><\/span><\/a>\n\n        <div class=\"wk-accordion-content\">\n\n            \n            \n            \n                        <div class=\"wk-margin\">Exista dispozitivul MF04 pentru poluarea ambientala (de distanta). In cazul poluarii de proximitate (telefon, calculator),solu\u0163ia activ\u0103 din fiecare tip de CMO este structurat\u0103 \u00eencat sa fie o corelatie intre partea electronica a aparatului si partea sa de emisie, ambele trebuind \"compensate\" la nivel biologic. Din punct de vedere tehnic, nu se poate structura o solu\u0163ie activ\u0103 unic\u0103 pentru ambele forme de poluare ambientala\/ proximitate, c\u0103ci diferen\u0163ele dintre c\u00e2mpurile electromagnetice ale re\u0163elelor f\u0103r\u0103 fir \u015fi cele, de exemplu, emise de componentele electronice ale aparatelor \u00een sine este semnificativ\u0103. S-ar ob\u0163ine doar o protec\u0163ie par\u0163ial\u0103, o alternativ\u0103 ce nu ar fi fost considerat\u0103 valid\u0103 \u00een cadrul <a href=\"http:\/\/protectie-electromagnetica.ro\/studii-validare-cmo\/\" target=\"_blank\">studiilor \u015ftiin\u0163ifice de validare a tehnologiei CMO<\/a> realizate \u00een cele mai prestigioase laboratoare din lume.<\/div>\n            \n            \n            \n            \n        <\/div>\n\n    <\/li>\n        <li >\n\n    \n        <a href class=\"wk-accordion-title\">CMO protejeaz\u0103 \u015fi de Wi-Fi-ul vecinilor?<span wk-accordion-icon><\/span><\/a>\n\n        <div class=\"wk-accordion-content\">\n\n            \n            \n            \n                        <div class=\"wk-margin\">Da, <a href=\"http:\/\/www.comosystems.ro\/ro\/protectii-cmo-acasa\/42-harmony.html\" target=\"_blank\">HARMONY<\/a> (CMO MF04) va genera o sfer\u0103 de protec\u0163ie cu raza de 5,5 m. Pere\u0163ii unei cl\u0103diri obi\u015fnuite nu opresc semnalul de compensare CMO. Este necesar ca dormitorul s\u0103 fie inclus cu prioritate \u00een interiorul acestei sfere de protec\u0163ie.<\/div>\n            \n            \n            \n            \n        <\/div>\n\n    <\/li>\n        <li >\n\n    \n        <a href class=\"wk-accordion-title\">\u00cen tren \/ autobuz \/ metrou mul\u0163i oameni folosesc telefoane mobile \u00een jurul meu. Care tip de CMO este recomandat?<span wk-accordion-icon><\/span><\/a>\n\n        <div class=\"wk-accordion-content\">\n\n            \n            \n            \n                        <div class=\"wk-margin\">Cel mai potrivit este <a href=\"http:\/\/www.comosystems.ro\/ro\/protectii-cmo-calatorie\/37-traveller.html\" target=\"_blank\"> TRAVELLER<\/a> (CMO TR25). El v\u0103 va proteja de semnalele Wi-Fi, Bluetooth, GSM \u015fi 4G.<\/div>\n            \n            \n            \n            \n        <\/div>\n\n    <\/li>\n        <li >\n\n    \n        <a href class=\"wk-accordion-title\">Pot p\u0103stra aceea\u015fi protec\u0163ie CMO dac\u0103 schimb telefonul sau calculatorul?<span wk-accordion-icon><\/span><\/a>\n\n        <div class=\"wk-accordion-content\">\n\n            \n            \n            \n                        <div class=\"wk-margin\">Da. Dispozitivele CMO pentru telefon sau calculator\/laptop\/monitor sunt de tip pastil\u0103 cu 2 buline adezive. \u00cen mod normal, o singur\u0103 bulin\u0103 adeziv\u0103 e suficient\u0103 pentru o lipire sigur\u0103, a doua bulin\u0103 fiind p\u0103strat\u0103 pentru a fi folosit\u0103 \u00een cazul schimb\u0103rii telefonului\/monitorului etc. \u00cen caz c\u0103 ambele buline adezive au fost deja folosite, se poate folosi un fir de a\u0163\u0103 pentru a desprinde pastila CMO \u015fi a o lipi \u00een alt\u0103 parte, f\u0103r\u0103 a se pierde astfel propriet\u0103\u0163ile adezive.<\/div>\n            \n            \n            \n            \n        <\/div>\n\n    <\/li>\n        <li >\n\n    \n        <a href class=\"wk-accordion-title\">CMO trebuie amplasat neap\u0103rat pe carcasa telefonului \/ calculatorului?<span wk-accordion-icon><\/span><\/a>\n\n        <div class=\"wk-accordion-content\">\n\n            \n            \n            \n                        <div class=\"wk-margin\">Da, c\u0103ci CMO-ul fiind un sistem pasiv \u00ee\u015fi poate activa emisia semnalului de compensare doar \u00een prezen\u0163a undelor electromagnetice emise de telefon \/ calculator\/ laptop. Locul unde este amplasat pe carcasa dispozitivului nu conteaz\u0103 \u00eens\u0103.<\/div>\n            \n            \n            \n            \n        <\/div>\n\n    <\/li>\n        <li >\n\n    \n        <a href class=\"wk-accordion-title\">Pot c\u0103l\u0103tori cu avionul av\u00e2nd cu mine dispozitive CMO?<span wk-accordion-icon><\/span><\/a>\n\n        <div class=\"wk-accordion-content\">\n\n            \n            \n            \n                        <div class=\"wk-margin\">Da, trecerea prin scanarea de securitate a bagajului nu va afecta solu\u0163ia activ\u0103 a CMO.<\/div>\n            \n            \n            \n            \n        <\/div>\n\n    <\/li>\n        <li >\n\n    \n        <a href class=\"wk-accordion-title\">\u00cen c\u00e2t timp ne putem convinge c\u0103 se ob\u0163ine o protec\u0163ie concret\u0103?<span wk-accordion-icon><\/span><\/a>\n\n        <div class=\"wk-accordion-content\">\n\n            \n            \n            \n                        <div class=\"wk-margin\">Societatea Comosystems este singura p\u00e2n\u0103 \u00een prezent care de\u0163ine <a href=\"http:\/\/protectie-electromagnetica.ro\/studii-validare-cmo\/\" target=\"_blank\">studii \u015ftiin\u0163ifice<\/a> ce certific\u0103 efectul protector al dispozitivelor CMO.<br\/> \nTrebuie s\u0103 con\u015ftientiz\u0103m c\u0103 exist\u0103 printre cei care achizi\u0163ioneaz\u0103 dispozitive de protec\u0163ie electromagnetic\u0103 dou\u0103 mari categorii de persoane: <ul><li>cei care s-au expus \u00een mod excesiv \u015fi care resimt deja efectele cauzate de undele electromagnetice: probleme de somn, oboseal\u0103 cronic\u0103, iritabilitate, senza\u0163ie de \u00eenc\u0103lzire a urechii la folosirea telefonului mobil, ame\u0163eli, confuzie, putere redus\u0103 de concentrare. Ace\u015ftia sunt deja la frontiera electro-hipersensibilit\u0103\u0163ii \u015fi, ca urmare, vor sim\u0163i amelior\u0103rile \u00eentr-un interval mai lung, de zile sau s\u0103pt\u0103m\u00e2ni. Unele simptome, precum \u00eenc\u0103lzirea urechii dup\u0103 conversa\u0163ii mai lungi la telefonul mobil, vor fi diminuate doar \u00een c\u00e2teva zile, dac\u0103 nu chiar de la prima utilizare. <\/li>\n<li>persoanele care au \u00een\u0163eles la timp poten\u0163ialul nociv al tehnologiilor moderne, utiliz\u00e2ndu-le doar pentru strictul necesar. Ace\u015ftia trebuie s\u0103 continue atitudinea precaut\u0103 \u015fi s\u0103 utilizeze dispozitivele CMO \u00eendeosebi pentru protec\u0163ie fa\u0163\u0103 de poluarea ambiental\u0103, de care nu ne putem feri \u00een mod normal, mai ales \u00een mediul urban (telefonul mobil, Wi-Fi-ul vecinilor, antenele GSM, linii electrice de \u00eenalt\u0103 tensiune etc...)<\/ul><\/div>\n            \n            \n            \n            \n        <\/div>\n\n    <\/li>\n        <li >\n\n    \n        <a href class=\"wk-accordion-title\">Dispozitivele CMO necesit\u0103 o \u00eentre\u0163inere oarecare?<span wk-accordion-icon><\/span><\/a>\n\n        <div class=\"wk-accordion-content\">\n\n            \n            \n            \n                        <div class=\"wk-margin\">Nu.<\/div>\n            \n            \n            \n            \n        <\/div>\n\n    <\/li>\n        <li >\n\n    \n        <a href class=\"wk-accordion-title\">Care este durata de via\u0163\u0103 a unui CMO?<span wk-accordion-icon><\/span><\/a>\n\n        <div class=\"wk-accordion-content\">\n\n            \n            \n            \n                        <div class=\"wk-margin\">Primele dispozitive CMO au fost proiectate \u00een anii 1990, aceast\u0103 tehnologie are deci peste 25 de ani. Teste \u00een laboratorul Comosystems au ar\u0103tat men\u0163inerea semnalului de compensare chiar \u015fi dup\u0103 20 de ani. Perioada de garan\u0163ie oficial\u0103 este de 2 ani, dar practic nu este necesar\u0103 o re\u00eennoire a dispozitivelor CMO at\u00e2t timp c\u00e2t nu exist\u0103 o modificare tehnologic\u0103 major\u0103 \u00een domeniul undelor electromagnetice artificiale (de ex. schimbarea benzilor de frecven\u0163\u0103 \u00een telecomunica\u0163ii).<\/div>\n            \n            \n            \n            \n        <\/div>\n\n    <\/li>\n        <li >\n\n    \n        <a href class=\"wk-accordion-title\">Ce garan\u0163ii oferi\u0163i?<span wk-accordion-icon><\/span><\/a>\n\n        <div class=\"wk-accordion-content\">\n\n            \n            \n            \n                        <div class=\"wk-margin\">V\u0103 oferim pentru toate produsele noastre posibilitatea de a returna produsul \u00een intervalul de 30 de zile de la primire.<\/div>\n            \n            \n            \n            \n        <\/div>\n\n    <\/li>\n        <li >\n\n    \n        <a href class=\"wk-accordion-title\">Cum se explic\u0103 eficien\u0163a dispozitivelor CMO din moment ce ele nu diminueaz\u0103 indicele SAR?<span wk-accordion-icon><\/span><\/a>\n\n        <div class=\"wk-accordion-content\">\n\n            \n            \n            \n                        <div class=\"wk-margin\">Normele care reglementeaz\u0103 protec\u0163ia fa\u0163\u0103 de c\u00e2mpurile electromagnetice se bazeaz\u0103, deocamdat\u0103, pe indicele SAR (Specific Absorption Rate \u2013 Rata Specific\u0103 de Absorb\u0163ie a radia\u0163iilor electromagnetice). Acesta este un parametru ce cuantific\u0103 efectele termice pe termen scurt cauzate de undele electromagnetice, dar nu ia \u00een considerare efectele biologice pe termen lung. Ca dovad\u0103, valoarea SAR a unui telefon mobil se ob\u0163ine prin ata\u015farea lui la un recipient umplut cu o solu\u0163ie salin\u0103, m\u0103sur\u00e2ndu-se \u00eenc\u0103lzirea lichidului dup\u0103 6 minute. Cum se m\u0103soar\u0103 indicele SAR \u00eentr-un laborator din Rom\u00e2nia pute\u0163i vedea <a href=\"http:\/\/economie.hotnews.ro\/stiri-telecom-10020211-reportaj-video-cum-masoara-radiatiile-unui-telefon-mobil-intr-laborator-din-romania.htm\" target=\"_blank\">aici<\/a>. Deci m\u0103surarea SAR nu se bazeaz\u0103 pe un model biologic valid \u015fi, \u00een plus, efectul termic este doar un aspect secundar al efectelor c\u00e2mpurilor electromagnetice asupra corpului uman.\nStudiile de validare a protec\u0163iilor CMO \u0163in \u00eens\u0103 cont de toate aspectele biologice!<\/div>\n            \n            \n            \n            \n        <\/div>\n\n    <\/li>\n        <li >\n\n    \n        <a href class=\"wk-accordion-title\">Ce p\u0103rere ave\u0163i despre celelalte produse de \"protec\u0163ie electromagnetic\u0103\" aflate pe pia\u0163a rom\u00e2neasc\u0103?<span wk-accordion-icon><\/span><\/a>\n\n        <div class=\"wk-accordion-content\">\n\n            \n            \n            \n                        <div class=\"wk-margin\">Din c\u00e2te \u015ftim, nu exist\u0103 studii biologice de validare a acestor produse, prin urmare nu este posibil s\u0103 ne pronun\u0163\u0103m dac\u0103 sunt viabile sau nu. \u00cen cazul \u00een care o persoan\u0103 simte amelior\u0103ri prin utilizarea lor, \u00eenseamn\u0103 c\u0103 acel produs este potrivit pentru ea, dar aceasta nu poate fi o garan\u0163ie \u015fi pentru o alt\u0103 persoan\u0103. O variant\u0103 minim\u0103 de testare ar fi s\u0103 se verifice dac\u0103 acele protec\u0163ii elimin\u0103 m\u0103car fenomenul de \u00eenc\u0103lzire a urechii \u00een timpul discu\u0163iilor prelungite la telefonul mobil.<\/div>\n            \n            \n            \n            \n        <\/div>\n\n    <\/li>\n    \n<\/ul>\n<\/div> ","protected":false},"excerpt":{"rendered":"","protected":false},"author":2,"featured_media":0,"parent":928,"menu_order":0,"comment_status":"closed","ping_status":"closed","template":"","meta":{"footnotes":""},"class_list":["post-1370","page","type-page","status-publish","hentry"],"yoast_head":"<!-- This site is optimized with the Yoast SEO plugin v27.4 - https:\/\/yoast.com\/product\/yoast-seo-wordpress\/ -->\n<title>\u00centreb\u0103ri frecvente - Protec\u021bie electromagnetic\u0103<\/title>\n<meta name=\"robots\" content=\"index, follow, max-snippet:-1, max-image-preview:large, max-video-preview:-1\" \/>\n<link rel=\"canonical\" href=\"https:\/\/protectie-electromagnetica.ro\/cmo\/tehnologia-cmo\/intrebari-frecvente\/\" \/>\n<meta property=\"og:locale\" content=\"ro_RO\" \/>\n<meta property=\"og:type\" content=\"article\" \/>\n<meta property=\"og:title\" content=\"\u00centreb\u0103ri frecvente - Protec\u021bie electromagnetic\u0103\" \/>\n<meta property=\"og:url\" content=\"https:\/\/protectie-electromagnetica.ro\/cmo\/tehnologia-cmo\/intrebari-frecvente\/\" \/>\n<meta property=\"og:site_name\" content=\"Protec\u021bie electromagnetic\u0103\" \/>\n<meta property=\"article:publisher\" content=\"https:\/\/www.facebook.com\/bioscem\/\" \/>\n<meta property=\"article:modified_time\" content=\"2019-05-30T09:08:25+00:00\" \/>\n<meta name=\"twitter:card\" content=\"summary_large_image\" \/>\n<script type=\"application\/ld+json\" class=\"yoast-schema-graph\">{\"@context\":\"https:\\\/\\\/schema.org\",\"@graph\":[{\"@type\":\"WebPage\",\"@id\":\"https:\\\/\\\/protectie-electromagnetica.ro\\\/cmo\\\/tehnologia-cmo\\\/intrebari-frecvente\\\/\",\"url\":\"https:\\\/\\\/protectie-electromagnetica.ro\\\/cmo\\\/tehnologia-cmo\\\/intrebari-frecvente\\\/\",\"name\":\"\u00centreb\u0103ri frecvente - Protec\u021bie electromagnetic\u0103\",\"isPartOf\":{\"@id\":\"https:\\\/\\\/protectie-electromagnetica.ro\\\/cmo\\\/#website\"},\"datePublished\":\"2016-01-18T09:06:33+00:00\",\"dateModified\":\"2019-05-30T09:08:25+00:00\",\"breadcrumb\":{\"@id\":\"https:\\\/\\\/protectie-electromagnetica.ro\\\/cmo\\\/tehnologia-cmo\\\/intrebari-frecvente\\\/#breadcrumb\"},\"inLanguage\":\"ro-RO\",\"potentialAction\":[{\"@type\":\"ReadAction\",\"target\":[\"https:\\\/\\\/protectie-electromagnetica.ro\\\/cmo\\\/tehnologia-cmo\\\/intrebari-frecvente\\\/\"]}]},{\"@type\":\"BreadcrumbList\",\"@id\":\"https:\\\/\\\/protectie-electromagnetica.ro\\\/cmo\\\/tehnologia-cmo\\\/intrebari-frecvente\\\/#breadcrumb\",\"itemListElement\":[{\"@type\":\"ListItem\",\"position\":1,\"name\":\"Prima pagin\u0103\",\"item\":\"https:\\\/\\\/protectie-electromagnetica.ro\\\/cmo\\\/\"},{\"@type\":\"ListItem\",\"position\":2,\"name\":\"Tehnologia CMO\",\"item\":\"https:\\\/\\\/protectie-electromagnetica.ro\\\/cmo\\\/tehnologia-cmo\\\/\"},{\"@type\":\"ListItem\",\"position\":3,\"name\":\"\u00centreb\u0103ri frecvente\"}]},{\"@type\":\"WebSite\",\"@id\":\"https:\\\/\\\/protectie-electromagnetica.ro\\\/cmo\\\/#website\",\"url\":\"https:\\\/\\\/protectie-electromagnetica.ro\\\/cmo\\\/\",\"name\":\"Protec\u021bie electromagnetic\u0103\",\"description\":\"Protectie Electromagnetica cu dispozitive bio-compatibile CMO (Oscilator Magnetic de Compensare) cu validare stiintifica\",\"potentialAction\":[{\"@type\":\"SearchAction\",\"target\":{\"@type\":\"EntryPoint\",\"urlTemplate\":\"https:\\\/\\\/protectie-electromagnetica.ro\\\/cmo\\\/?s={search_term_string}\"},\"query-input\":{\"@type\":\"PropertyValueSpecification\",\"valueRequired\":true,\"valueName\":\"search_term_string\"}}],\"inLanguage\":\"ro-RO\"}]}<\/script>\n<!-- \/ Yoast SEO plugin. -->","yoast_head_json":{"title":"\u00centreb\u0103ri frecvente - Protec\u021bie electromagnetic\u0103","robots":{"index":"index","follow":"follow","max-snippet":"max-snippet:-1","max-image-preview":"max-image-preview:large","max-video-preview":"max-video-preview:-1"},"canonical":"https:\/\/protectie-electromagnetica.ro\/cmo\/tehnologia-cmo\/intrebari-frecvente\/","og_locale":"ro_RO","og_type":"article","og_title":"\u00centreb\u0103ri frecvente - Protec\u021bie electromagnetic\u0103","og_url":"https:\/\/protectie-electromagnetica.ro\/cmo\/tehnologia-cmo\/intrebari-frecvente\/","og_site_name":"Protec\u021bie electromagnetic\u0103","article_publisher":"https:\/\/www.facebook.com\/bioscem\/","article_modified_time":"2019-05-30T09:08:25+00:00","twitter_card":"summary_large_image","schema":{"@context":"https:\/\/schema.org","@graph":[{"@type":"WebPage","@id":"https:\/\/protectie-electromagnetica.ro\/cmo\/tehnologia-cmo\/intrebari-frecvente\/","url":"https:\/\/protectie-electromagnetica.ro\/cmo\/tehnologia-cmo\/intrebari-frecvente\/","name":"\u00centreb\u0103ri frecvente - Protec\u021bie electromagnetic\u0103","isPartOf":{"@id":"https:\/\/protectie-electromagnetica.ro\/cmo\/#website"},"datePublished":"2016-01-18T09:06:33+00:00","dateModified":"2019-05-30T09:08:25+00:00","breadcrumb":{"@id":"https:\/\/protectie-electromagnetica.ro\/cmo\/tehnologia-cmo\/intrebari-frecvente\/#breadcrumb"},"inLanguage":"ro-RO","potentialAction":[{"@type":"ReadAction","target":["https:\/\/protectie-electromagnetica.ro\/cmo\/tehnologia-cmo\/intrebari-frecvente\/"]}]},{"@type":"BreadcrumbList","@id":"https:\/\/protectie-electromagnetica.ro\/cmo\/tehnologia-cmo\/intrebari-frecvente\/#breadcrumb","itemListElement":[{"@type":"ListItem","position":1,"name":"Prima pagin\u0103","item":"https:\/\/protectie-electromagnetica.ro\/cmo\/"},{"@type":"ListItem","position":2,"name":"Tehnologia CMO","item":"https:\/\/protectie-electromagnetica.ro\/cmo\/tehnologia-cmo\/"},{"@type":"ListItem","position":3,"name":"\u00centreb\u0103ri frecvente"}]},{"@type":"WebSite","@id":"https:\/\/protectie-electromagnetica.ro\/cmo\/#website","url":"https:\/\/protectie-electromagnetica.ro\/cmo\/","name":"Protec\u021bie electromagnetic\u0103","description":"Protectie Electromagnetica cu dispozitive bio-compatibile CMO (Oscilator Magnetic de Compensare) cu validare stiintifica","potentialAction":[{"@type":"SearchAction","target":{"@type":"EntryPoint","urlTemplate":"https:\/\/protectie-electromagnetica.ro\/cmo\/?s={search_term_string}"},"query-input":{"@type":"PropertyValueSpecification","valueRequired":true,"valueName":"search_term_string"}}],"inLanguage":"ro-RO"}]}},"_links":{"self":[{"href":"https:\/\/protectie-electromagnetica.ro\/cmo\/wp-json\/wp\/v2\/pages\/1370","targetHints":{"allow":["GET"]}}],"collection":[{"href":"https:\/\/protectie-electromagnetica.ro\/cmo\/wp-json\/wp\/v2\/pages"}],"about":[{"href":"https:\/\/protectie-electromagnetica.ro\/cmo\/wp-json\/wp\/v2\/types\/page"}],"author":[{"embeddable":true,"href":"https:\/\/protectie-electromagnetica.ro\/cmo\/wp-json\/wp\/v2\/users\/2"}],"replies":[{"embeddable":true,"href":"https:\/\/protectie-electromagnetica.ro\/cmo\/wp-json\/wp\/v2\/comments?post=1370"}],"version-history":[{"count":1,"href":"https:\/\/protectie-electromagnetica.ro\/cmo\/wp-json\/wp\/v2\/pages\/1370\/revisions"}],"predecessor-version":[{"id":4499,"href":"https:\/\/protectie-electromagnetica.ro\/cmo\/wp-json\/wp\/v2\/pages\/1370\/revisions\/4499"}],"up":[{"embeddable":true,"href":"https:\/\/protectie-electromagnetica.ro\/cmo\/wp-json\/wp\/v2\/pages\/928"}],"wp:attachment":[{"href":"https:\/\/protectie-electromagnetica.ro\/cmo\/wp-json\/wp\/v2\/media?parent=1370"}],"curies":[{"name":"wp","href":"https:\/\/api.w.org\/{rel}","templated":true}]}}