{"id":2164,"date":"2016-02-17T14:23:32","date_gmt":"2016-02-17T12:23:32","guid":{"rendered":"http:\/\/protectie-electromagnetica.ro\/?page_id=2164"},"modified":"2016-02-17T14:23:32","modified_gmt":"2016-02-17T12:23:32","slug":"despre-cmo","status":"publish","type":"page","link":"https:\/\/protectie-electromagnetica.ro\/cmo\/tehnologia-cmo\/despre-cmo\/","title":{"rendered":"Despre CMO"},"content":{"rendered":"<h3>Dispozitivele de protec\u0163ie electromagnetic\u0103 CMO<\/h3>\n\n<p>Concomitent cu apari\u0163ia \u00een anii &#8217;90 a tehnologiei de fragmentare \u015fi modulare \u00een domeniul transmiterii informa\u0163iei, cercet\u0103torul francez <strong>Maurice Fillion-Robin<\/strong> a descoperit principiul de creare \u015fi men\u0163inere a unei biocompatibilit\u0103\u0163i \u00eentre c\u00e2mpurile electromagnetice artificiale din mediul ambiant \u015fi bioc\u00e2mpul organismului uman.<\/p>\n\n<p>Cercet\u0103torul francez <b>Maurice Fillion-Robin<\/b>, \u00eempreun\u0103 cu colaboratorul s\u0103u, biofizicianul rus  <a href=\"http:\/\/protectie-electromagnetica.ro\/cercetatori-cmo\/vladimir-binhi\/\" target=\"_blank\" rel=\"noopener noreferrer\">Vladimir N. Binhi<\/a>, au alc\u0103tuit un grup de prestigio\u015fi cercet\u0103tori din diferite \u0163\u0103ri \u00een\u00a0cadrul Centrului de Biofizic\u0103 Electromagnetic\u0103 <strong>Tecnolab Research Center<\/strong>, Fran\u0163a. De-a lungul a 10 ani de cercet\u0103ri, aici s-a perfec\u0163ionat <strong>biotehnologia oscilatorului magnetic de compensare<\/strong> <strong>CMO<\/strong> (Compensating Magnetic Oscillator).<\/p>\n<!--more-->\n<p>Compania <strong><a href=\"http:\/\/www.comosystems.com\" target=\"_blank\" rel=\"noopener noreferrer\">ComoSystems<\/a><\/strong> a fost \u00eenfiin\u0163at\u0103 din ini\u0163iativa fondatorilor Tecnolab, \u00een anul 2003, pentru a pune la dispozi\u0163ia publicului larg dispozitivele CMO.<\/p>\n<h3>Cum func\u0163ioneaz\u0103 un dispozitiv CMO?<\/h3>\nFiecare CMO con\u0163ine o solu\u0163ie microcristalin\u0103 care, activat\u0103 de radia\u0163iile electromagnetice ambiante, genereaz\u0103 un semnal de compensare ce asigur\u0103 o func\u0163ionare optim\u0103 a cuplului ion-protein\u0103.\n\nFunc\u0163ionarea proteinelor este perturbat\u0103 de rezonan\u0163a dintre frecven\u0163a de rota\u0163ie \u015fi oscila\u0163ie a ionilor din <a href=\"http:\/\/chemgroups.ucdavis.edu\/~toney\/Metals.html\" target=\"_blank\" rel=\"noopener noreferrer\">cavitatea proteic\u0103<\/a> \u015fi frecven\u0163a undelor electromagnetice pulsate.\n\nDe exemplu, ionul de Calciu are o frecven\u0163\u0103 proprie de rota\u0163ie de 35\u221240 Hz \u015fi o frecven\u0163\u0103 proprie de oscila\u0163ie de 1\u22122 GHz \u00een cavitatea proteic\u0103. Aceste valori se reg\u0103sesc din p\u0103cate \u015fi \u00een plajele de frecven\u0163\u0103 ale undelor emise de telefoanele mobile.\n\nSemnalul CMO are capacitatea de a men\u0163ine \u00eentr-un echilibru optim cuplul ion-protein\u0103, asigur\u00e2nd func\u0163ionarea optim\u0103 a celulelor \u015fi implicit a \u00eentregului organism.\n\n<p><a href=\"http:\/\/protectie-electromagnetica.ro\/cmo\/wp-content\/uploads\/2015\/11\/ion-proteina.png\"><img loading=\"lazy\" decoding=\"async\" class=\"uk-responsive-width align-center size-full wp-image-936\" src=\"http:\/\/protectie-electromagnetica.ro\/cmo\/wp-content\/uploads\/2015\/11\/ion-proteina.png\" alt=\"ion-proteina\" width=\"400\" height=\"161\" srcset=\"https:\/\/protectie-electromagnetica.ro\/cmo\/wp-content\/uploads\/2015\/11\/ion-proteina.png 400w, https:\/\/protectie-electromagnetica.ro\/cmo\/wp-content\/uploads\/2015\/11\/ion-proteina-300x121.png 300w\" sizes=\"auto, (max-width: 400px) 100vw, 400px\" \/><\/a><\/p>\n\nLa ora actual\u0103, terapiile prin c\u00e2mpuri electromagnetice pulsate (<a href=\"http:\/\/www.doctoroz.com\/article\/pulsed-electromagnetic-fields-how-they-heal\" target=\"_blank\" rel=\"noopener noreferrer\">PEMs<\/a>) sunt deja obi\u015fnuite \u00een anumite \u0163\u0103ri. Spre deosebire de PEMs, dispozitivele CMO genereaz\u0103 un c\u00e2mp magnetic oscilant de joas\u0103 frecven\u0163\u0103.\n\nOriginalitatea dispozitivelor CMO const\u0103 \u015fi \u00een dimensiunea lor miniaturizat\u0103 \u015fi autonomia lor energetic\u0103 ob\u0163inut\u0103 chiar din mediul ambiant poluat electromagnetic (asem\u0103n\u0103tor conceptului <a href=\"http:\/\/robgoodlatte.com\/electromagnetic-harvester-by-dennis-siegel\/\" target=\"_blank\" rel=\"noopener noreferrer\">Electromagnetic-Harvester<\/a>). \u00cen plus, ac\u0163ion\u00e2nd doar la nivel biologic, CMO nu modific\u0103 cu nimic c\u00e2mpurile electromagnetice\u00a0din mediul ambiant \u015fi nu perturb\u0103 buna func\u0163ionare a dispozitivelor electronice.\n\n<h3>CMO \u2212 O protec\u0163ie validat\u0103 biologic<\/h3>\n\n<p>Eficacitatea CMO este validat\u0103 biologic prin <a href=\"http:\/\/protectie-electromagnetica.ro\/studii-validare-cmo\/\">studii \u015ftiin\u0163ifice<\/a> care au demonstrat c\u0103 to\u0163i indicatorii biologici afecta\u0163i de undele electromagnetice pulsate revin la normal prin utilizarea tehnologiei CMO, chiar \u00een situa\u0163ia de expunere continu\u0103 la poluarea electromagnetic\u0103.<\/p>\n<h4>Rezumatul principalelor experimente \u015ftiin\u0163ifice ce dovedesc eficacitatea dispozitivelor CMO<\/h4>\n<a href=\"http:\/\/protectie-electromagnetica.ro\/cmo\/wp-content\/uploads\/2015\/11\/rezumat-studii-CMO.png\"><img loading=\"lazy\" decoding=\"async\" class=\"uk-responsive-width align-center size-full wp-image-938\" src=\"http:\/\/protectie-electromagnetica.ro\/cmo\/wp-content\/uploads\/2015\/11\/rezumat-studii-CMO.png\" alt=\"rezumat-studii-CMO\" width=\"600\" height=\"390\" srcset=\"https:\/\/protectie-electromagnetica.ro\/cmo\/wp-content\/uploads\/2015\/11\/rezumat-studii-CMO.png 600w, https:\/\/protectie-electromagnetica.ro\/cmo\/wp-content\/uploads\/2015\/11\/rezumat-studii-CMO-300x195.png 300w\" sizes=\"auto, (max-width: 600px) 100vw, 600px\" \/><\/a>\n\n<p>Lista complet\u0103 a studiilor \u015ftiin\u0163ifice de validare CMO se g\u0103se\u015fte la: <a href=\"http:\/\/protectie-electromagnetica.ro\/studii-validare-cmo\/\">studii \u015ftiin\u0163ifice<\/a>.<\/p>","protected":false},"excerpt":{"rendered":"<p>Dispozitivele de protec\u0163ie electromagnetic\u0103 CMO Concomitent cu apari\u0163ia \u00een anii &#8217;90 a tehnologiei de fragmentare \u015fi modulare \u00een domeniul transmiterii informa\u0163iei, cercet\u0103torul francez Maurice Fillion-Robin a descoperit principiul de creare \u015fi men\u0163inere a unei biocompatibilit\u0103\u0163i \u00eentre c\u00e2mpurile electromagnetice artificiale din mediul ambiant \u015fi bioc\u00e2mpul organismului uman. Cercet\u0103torul francez Maurice Fillion-Robin, \u00eempreun\u0103 cu colaboratorul s\u0103u, biofizicianul [&hellip;]<\/p>\n","protected":false},"author":2,"featured_media":0,"parent":928,"menu_order":0,"comment_status":"closed","ping_status":"closed","template":"","meta":{"footnotes":""},"class_list":["post-2164","page","type-page","status-publish","hentry"],"yoast_head":"<!-- This site is optimized with the Yoast SEO plugin v27.4 - https:\/\/yoast.com\/product\/yoast-seo-wordpress\/ -->\n<title>Despre CMO - Protec\u021bie electromagnetic\u0103<\/title>\n<meta name=\"robots\" content=\"index, follow, max-snippet:-1, max-image-preview:large, max-video-preview:-1\" \/>\n<link rel=\"canonical\" href=\"https:\/\/protectie-electromagnetica.ro\/cmo\/tehnologia-cmo\/despre-cmo\/\" \/>\n<meta property=\"og:locale\" content=\"ro_RO\" \/>\n<meta property=\"og:type\" content=\"article\" \/>\n<meta property=\"og:title\" content=\"Despre CMO - Protec\u021bie electromagnetic\u0103\" \/>\n<meta property=\"og:description\" content=\"Dispozitivele de protec\u0163ie electromagnetic\u0103 CMO Concomitent cu apari\u0163ia \u00een anii &#8217;90 a tehnologiei de fragmentare \u015fi modulare \u00een domeniul transmiterii informa\u0163iei, cercet\u0103torul francez Maurice Fillion-Robin a descoperit principiul de creare \u015fi men\u0163inere a unei biocompatibilit\u0103\u0163i \u00eentre c\u00e2mpurile electromagnetice artificiale din mediul ambiant \u015fi bioc\u00e2mpul organismului uman. Cercet\u0103torul francez Maurice Fillion-Robin, \u00eempreun\u0103 cu colaboratorul s\u0103u, biofizicianul [&hellip;]\" \/>\n<meta property=\"og:url\" content=\"https:\/\/protectie-electromagnetica.ro\/cmo\/tehnologia-cmo\/despre-cmo\/\" \/>\n<meta property=\"og:site_name\" content=\"Protec\u021bie electromagnetic\u0103\" \/>\n<meta property=\"article:publisher\" content=\"https:\/\/www.facebook.com\/bioscem\/\" \/>\n<meta property=\"og:image\" content=\"https:\/\/protectie-electromagnetica.ro\/cmo\/wp-content\/uploads\/2015\/11\/ion-proteina.png\" \/>\n\t<meta property=\"og:image:width\" content=\"400\" \/>\n\t<meta property=\"og:image:height\" content=\"161\" \/>\n\t<meta property=\"og:image:type\" content=\"image\/png\" \/>\n<meta name=\"twitter:card\" content=\"summary_large_image\" \/>\n<meta name=\"twitter:label1\" content=\"Timp estimat pentru citire\" \/>\n\t<meta name=\"twitter:data1\" content=\"2 minute\" \/>\n<script type=\"application\/ld+json\" class=\"yoast-schema-graph\">{\"@context\":\"https:\\\/\\\/schema.org\",\"@graph\":[{\"@type\":\"WebPage\",\"@id\":\"https:\\\/\\\/protectie-electromagnetica.ro\\\/cmo\\\/tehnologia-cmo\\\/despre-cmo\\\/\",\"url\":\"https:\\\/\\\/protectie-electromagnetica.ro\\\/cmo\\\/tehnologia-cmo\\\/despre-cmo\\\/\",\"name\":\"Despre CMO - Protec\u021bie electromagnetic\u0103\",\"isPartOf\":{\"@id\":\"https:\\\/\\\/protectie-electromagnetica.ro\\\/cmo\\\/#website\"},\"primaryImageOfPage\":{\"@id\":\"https:\\\/\\\/protectie-electromagnetica.ro\\\/cmo\\\/tehnologia-cmo\\\/despre-cmo\\\/#primaryimage\"},\"image\":{\"@id\":\"https:\\\/\\\/protectie-electromagnetica.ro\\\/cmo\\\/tehnologia-cmo\\\/despre-cmo\\\/#primaryimage\"},\"thumbnailUrl\":\"http:\\\/\\\/protectie-electromagnetica.ro\\\/cmo\\\/wp-content\\\/uploads\\\/2015\\\/11\\\/ion-proteina.png\",\"datePublished\":\"2016-02-17T12:23:32+00:00\",\"breadcrumb\":{\"@id\":\"https:\\\/\\\/protectie-electromagnetica.ro\\\/cmo\\\/tehnologia-cmo\\\/despre-cmo\\\/#breadcrumb\"},\"inLanguage\":\"ro-RO\",\"potentialAction\":[{\"@type\":\"ReadAction\",\"target\":[\"https:\\\/\\\/protectie-electromagnetica.ro\\\/cmo\\\/tehnologia-cmo\\\/despre-cmo\\\/\"]}]},{\"@type\":\"ImageObject\",\"inLanguage\":\"ro-RO\",\"@id\":\"https:\\\/\\\/protectie-electromagnetica.ro\\\/cmo\\\/tehnologia-cmo\\\/despre-cmo\\\/#primaryimage\",\"url\":\"http:\\\/\\\/protectie-electromagnetica.ro\\\/cmo\\\/wp-content\\\/uploads\\\/2015\\\/11\\\/ion-proteina.png\",\"contentUrl\":\"http:\\\/\\\/protectie-electromagnetica.ro\\\/cmo\\\/wp-content\\\/uploads\\\/2015\\\/11\\\/ion-proteina.png\"},{\"@type\":\"BreadcrumbList\",\"@id\":\"https:\\\/\\\/protectie-electromagnetica.ro\\\/cmo\\\/tehnologia-cmo\\\/despre-cmo\\\/#breadcrumb\",\"itemListElement\":[{\"@type\":\"ListItem\",\"position\":1,\"name\":\"Prima pagin\u0103\",\"item\":\"https:\\\/\\\/protectie-electromagnetica.ro\\\/cmo\\\/\"},{\"@type\":\"ListItem\",\"position\":2,\"name\":\"Tehnologia CMO\",\"item\":\"https:\\\/\\\/protectie-electromagnetica.ro\\\/cmo\\\/tehnologia-cmo\\\/\"},{\"@type\":\"ListItem\",\"position\":3,\"name\":\"Despre CMO\"}]},{\"@type\":\"WebSite\",\"@id\":\"https:\\\/\\\/protectie-electromagnetica.ro\\\/cmo\\\/#website\",\"url\":\"https:\\\/\\\/protectie-electromagnetica.ro\\\/cmo\\\/\",\"name\":\"Protec\u021bie electromagnetic\u0103\",\"description\":\"Protectie Electromagnetica cu dispozitive bio-compatibile CMO (Oscilator Magnetic de Compensare) cu validare stiintifica\",\"potentialAction\":[{\"@type\":\"SearchAction\",\"target\":{\"@type\":\"EntryPoint\",\"urlTemplate\":\"https:\\\/\\\/protectie-electromagnetica.ro\\\/cmo\\\/?s={search_term_string}\"},\"query-input\":{\"@type\":\"PropertyValueSpecification\",\"valueRequired\":true,\"valueName\":\"search_term_string\"}}],\"inLanguage\":\"ro-RO\"}]}<\/script>\n<!-- \/ Yoast SEO plugin. -->","yoast_head_json":{"title":"Despre CMO - Protec\u021bie electromagnetic\u0103","robots":{"index":"index","follow":"follow","max-snippet":"max-snippet:-1","max-image-preview":"max-image-preview:large","max-video-preview":"max-video-preview:-1"},"canonical":"https:\/\/protectie-electromagnetica.ro\/cmo\/tehnologia-cmo\/despre-cmo\/","og_locale":"ro_RO","og_type":"article","og_title":"Despre CMO - Protec\u021bie electromagnetic\u0103","og_description":"Dispozitivele de protec\u0163ie electromagnetic\u0103 CMO Concomitent cu apari\u0163ia \u00een anii &#8217;90 a tehnologiei de fragmentare \u015fi modulare \u00een domeniul transmiterii informa\u0163iei, cercet\u0103torul francez Maurice Fillion-Robin a descoperit principiul de creare \u015fi men\u0163inere a unei biocompatibilit\u0103\u0163i \u00eentre c\u00e2mpurile electromagnetice artificiale din mediul ambiant \u015fi bioc\u00e2mpul organismului uman. Cercet\u0103torul francez Maurice Fillion-Robin, \u00eempreun\u0103 cu colaboratorul s\u0103u, biofizicianul [&hellip;]","og_url":"https:\/\/protectie-electromagnetica.ro\/cmo\/tehnologia-cmo\/despre-cmo\/","og_site_name":"Protec\u021bie electromagnetic\u0103","article_publisher":"https:\/\/www.facebook.com\/bioscem\/","og_image":[{"width":400,"height":161,"url":"https:\/\/protectie-electromagnetica.ro\/cmo\/wp-content\/uploads\/2015\/11\/ion-proteina.png","type":"image\/png"}],"twitter_card":"summary_large_image","twitter_misc":{"Timp estimat pentru citire":"2 minute"},"schema":{"@context":"https:\/\/schema.org","@graph":[{"@type":"WebPage","@id":"https:\/\/protectie-electromagnetica.ro\/cmo\/tehnologia-cmo\/despre-cmo\/","url":"https:\/\/protectie-electromagnetica.ro\/cmo\/tehnologia-cmo\/despre-cmo\/","name":"Despre CMO - Protec\u021bie electromagnetic\u0103","isPartOf":{"@id":"https:\/\/protectie-electromagnetica.ro\/cmo\/#website"},"primaryImageOfPage":{"@id":"https:\/\/protectie-electromagnetica.ro\/cmo\/tehnologia-cmo\/despre-cmo\/#primaryimage"},"image":{"@id":"https:\/\/protectie-electromagnetica.ro\/cmo\/tehnologia-cmo\/despre-cmo\/#primaryimage"},"thumbnailUrl":"http:\/\/protectie-electromagnetica.ro\/cmo\/wp-content\/uploads\/2015\/11\/ion-proteina.png","datePublished":"2016-02-17T12:23:32+00:00","breadcrumb":{"@id":"https:\/\/protectie-electromagnetica.ro\/cmo\/tehnologia-cmo\/despre-cmo\/#breadcrumb"},"inLanguage":"ro-RO","potentialAction":[{"@type":"ReadAction","target":["https:\/\/protectie-electromagnetica.ro\/cmo\/tehnologia-cmo\/despre-cmo\/"]}]},{"@type":"ImageObject","inLanguage":"ro-RO","@id":"https:\/\/protectie-electromagnetica.ro\/cmo\/tehnologia-cmo\/despre-cmo\/#primaryimage","url":"http:\/\/protectie-electromagnetica.ro\/cmo\/wp-content\/uploads\/2015\/11\/ion-proteina.png","contentUrl":"http:\/\/protectie-electromagnetica.ro\/cmo\/wp-content\/uploads\/2015\/11\/ion-proteina.png"},{"@type":"BreadcrumbList","@id":"https:\/\/protectie-electromagnetica.ro\/cmo\/tehnologia-cmo\/despre-cmo\/#breadcrumb","itemListElement":[{"@type":"ListItem","position":1,"name":"Prima pagin\u0103","item":"https:\/\/protectie-electromagnetica.ro\/cmo\/"},{"@type":"ListItem","position":2,"name":"Tehnologia CMO","item":"https:\/\/protectie-electromagnetica.ro\/cmo\/tehnologia-cmo\/"},{"@type":"ListItem","position":3,"name":"Despre CMO"}]},{"@type":"WebSite","@id":"https:\/\/protectie-electromagnetica.ro\/cmo\/#website","url":"https:\/\/protectie-electromagnetica.ro\/cmo\/","name":"Protec\u021bie electromagnetic\u0103","description":"Protectie Electromagnetica cu dispozitive bio-compatibile CMO (Oscilator Magnetic de Compensare) cu validare stiintifica","potentialAction":[{"@type":"SearchAction","target":{"@type":"EntryPoint","urlTemplate":"https:\/\/protectie-electromagnetica.ro\/cmo\/?s={search_term_string}"},"query-input":{"@type":"PropertyValueSpecification","valueRequired":true,"valueName":"search_term_string"}}],"inLanguage":"ro-RO"}]}},"_links":{"self":[{"href":"https:\/\/protectie-electromagnetica.ro\/cmo\/wp-json\/wp\/v2\/pages\/2164","targetHints":{"allow":["GET"]}}],"collection":[{"href":"https:\/\/protectie-electromagnetica.ro\/cmo\/wp-json\/wp\/v2\/pages"}],"about":[{"href":"https:\/\/protectie-electromagnetica.ro\/cmo\/wp-json\/wp\/v2\/types\/page"}],"author":[{"embeddable":true,"href":"https:\/\/protectie-electromagnetica.ro\/cmo\/wp-json\/wp\/v2\/users\/2"}],"replies":[{"embeddable":true,"href":"https:\/\/protectie-electromagnetica.ro\/cmo\/wp-json\/wp\/v2\/comments?post=2164"}],"version-history":[{"count":0,"href":"https:\/\/protectie-electromagnetica.ro\/cmo\/wp-json\/wp\/v2\/pages\/2164\/revisions"}],"up":[{"embeddable":true,"href":"https:\/\/protectie-electromagnetica.ro\/cmo\/wp-json\/wp\/v2\/pages\/928"}],"wp:attachment":[{"href":"https:\/\/protectie-electromagnetica.ro\/cmo\/wp-json\/wp\/v2\/media?parent=2164"}],"curies":[{"name":"wp","href":"https:\/\/api.w.org\/{rel}","templated":true}]}}